 divisor of f and t?
10
Let t(p) = 4*p**2 + 3 - 1 + 0*p**2. Let c be t(2). What is the highest common factor of 45 and c?
9
Suppose 4*a = 4, 0*l = -l + 2*a. Suppose 3*y + t - 48 = -l*y, -14 = -2*y - 3*t. Suppose 0*i = i - 40. What is the highest common divisor of y and i?
10
Suppose -38 - 132 = 5*k. Let x = k - -124. Calculate the greatest common factor of 10 and x.
10
Let l = 10 - 7. Suppose -147 = -4*w + 3*s, 0*s - 119 = -3*w + 4*s. Calculate the greatest common divisor of w and l.
3
Let c(f) = -f**2 + 9*f - 9. Let q be c(6). Let u(b) = 8 + 4*b**2 - 17 + q - b. Let g be u(2). Calculate the greatest common divisor of g and 14.
14
Suppose 13*h - 16*h = -198. Calculate the greatest common factor of h and 44.
22
Let x = 167 - 133. Calculate the greatest common factor of x and 136.
34
Suppose s = 2*c + 26, 2*c - 32 = -2*s - 4. Calculate the greatest common divisor of 144 and s.
18
Let h = 6 + -3. Calculate the greatest common factor of h and 1.
1
Let a be ((-315)/25)/(6/(-20)). Suppose -7 - 17 = -4*l. What is the highest common divisor of a and l?
6
Suppose -7*j - 216 = -13*j. What is the greatest common factor of 96 and j?
12
Let m(g) be the first derivative of -g**4/4 - 5*g**3/3 - 5*g**2/2 - 6*g + 1. Let z be m(-5). What is the highest common factor of 209 and z?
19
Suppose -5*j = -2*r - 121, 3*j + 0*r - 54 = -5*r. Calculate the greatest common divisor of 46 and j.
23
Let h(j) = -j**3 - 5*j**2 + 7*j - 10. Let f be h(-7). Suppose f = 4*l - l. Let k be -2*(-13)/2*2. Calculate the highest common divisor of l and k.
13
Let t be 12/(-20) - 7/5. Let n be 8/(2 + 3/t). What is the greatest common factor of n and 2?
2
Let b = -16 + 22. Calculate the highest common divisor of 6 and b.
6
Let h(k) = -2*k**2 - 13*k - 1. Let a be h(-6). Calculate the highest common divisor of 45 and a.
5
Suppose 4*v = 2*v + 4. Suppose 2*y - 4*f = 8, -v*f + 7*f = 2*y - 9. What is the greatest common factor of y and 22?
2
Suppose -5*o = 2*x - 6*x - 63, -2*o + x = -27. Suppose 3*g = 5*g - 90. What is the highest common divisor of o and g?
15
Let p be (1386/(-3))/(-3 - (-9)/6). What is the highest common divisor of p and 28?
28
Let g(p) = -17*p + 2. Let j be g(-2). Let n = 32 - 12. Let s be (-1 + 37)/(30/n). Calculate the highest common divisor of j and s.
12
Suppose -14*z = -17*z. Suppose 4*p - n - 378 + 31 = z, -25 = -5*n. Calculate the greatest common divisor of 11 and p.
11
Suppose 5*h - 8 + 3 = 0. What is the highest common factor of h and 9?
1
Suppose 4 = 2*a + 4*v, 5*a + v - 70 = 3*v. Suppose c = -0*d + 4*d - 147, c - 141 = -4*d. What is the highest common factor of d and a?
12
Suppose -2*g + 11 = -11. Suppose 4*q - 2*q + 9 = n, 26 = 4*n - 3*q. Suppose 0 = -5*t + n. What is the greatest common divisor of t and g?
1
Let y = 113 - 105. What is the highest common factor of y and 32?
8
Let a be (-24)/10*(-70)/3. Suppose o + 2*o + 76 = -5*w, -5*w - 4*o - 73 = 0. Let x = -9 - w. What is the highest common divisor of x and a?
8
Let g be (-10)/5 - (-548)/4. What is the highest common divisor of 15 and g?
15
Let v = -70 - -134. Let n be (1 - 4 - -1)*-4. What is the greatest common factor of n and v?
8
Let n be (-24)/(-18)*(-3)/1. Let q be 3*n/6 - -17. Let o = 12 + q. Calculate the greatest common factor of o and 3.
3
Let y(j) = 3*j**3 + j**2 + 2*j - 2. Let h be y(1). Let u(x) = -13*x - 3. Let n be -2 + 1*1/(-1). Let t be u(n). What is the highest common factor of h and t?
4
Let q = -5 - -2. Let w = 12 + q. Let o be 3/(w/14)*3. What is the greatest common divisor of o and 56?
14
Let p(c) = 3*c**3 - c**2. Let o be p(1). Let n(f) = 0*f**2 + 2*f**2 - 7*f + 7 - f**o. Let r be n(8). Calculate the greatest common divisor of 165 and r.
15
Let r be 6/(-8) + (-15)/(-4). Suppose 0 = r*n + 5 - 47. Calculate the highest common divisor of 14 and n.
14
Let y be 1*(66 - (4 - 7)). Suppose l = 5*h + 19 - 91, 4*h + 3*l = y. What is the highest common divisor of h and 6?
3
Let z be 24 + (-1 - (-2)/2). What is the highest common factor of 12 and z?
12
Let i(w) = -3*w - 11. Let y be i(-7). Calculate the greatest common divisor of y and 10.
10
Let m(h) = h**2 - 9*h + 8. Let a be m(6). Let b(f) = -5*f + 10. Let l be b(a). Calculate the highest common factor of 24 and l.
12
Suppose l + s + 5 = 5*s, -3*s = l - 9. Suppose 3*k = -5*o + 53, -k + 82 = l*k + o. Suppose -44 = -5*y + 26. Calculate the highest common divisor of k and y.
7
Suppose 5*t - 38 = -2*x, x + 3 = t + 2*t. What is the highest common factor of 45 and x?
9
Let a(j) = 4*j - 8. Suppose 4*z + 4 = 28. Let q be a(z). What is the highest common divisor of 24 and q?
8
Let p be ((4/6)/(-2))/((-3)/36). What is the greatest common divisor of p and 20?
4
Let c(l) = l**3 + 10*l**2 + 8*l - 8. Let u be c(-8). Suppose u = 4*x - 0*x. What is the highest common divisor of x and 42?
14
Suppose -2*a = -1 - 3. Suppose 4*h + 22 = a*m, m - h = 3*m - 2. Calculate the greatest common factor of m and 3.
3
Let l = 1 + 20. Calculate the greatest common factor of l and 84.
21
Let x(y) = y**2 + 22. Suppose -5*l = -2*l. Let z be x(l). Suppose p + 0*f - 38 = -f, 8 = p - 5*f. What is the highest common divisor of z and p?
11
Suppose j - 26 = 3*h, 54 = 3*j + 3*h - 0. What is the highest common divisor of j and 10?
10
Suppose -5*d + 59 = -31. Let x be (2/(-6))/((-1)/54). What is the highest common factor of x and d?
18
Suppose 0*g + 2*k - 120 = -2*g, -3*g + 175 = 4*k. Suppose -m + 2*m - g = 0. What is the greatest common factor of 26 and m?
13
Let j be 9/(-27) + 241/3. Calculate the greatest common factor of j and 32.
16
Let p(o) = -6*o - 8. Let f be p(-7). What is the highest common factor of f and 85?
17
Let x = 3 - 28. Let v be 4*(-3)/(-12) - x. What is the highest common divisor of 65 and v?
13
Let t be 12/(-10)*(-15)/6. Let k(l) = -l**3 + 4*l**2 - 3*l + 2. Let v be k(t). Calculate the highest common factor of v and 4.
2
Suppose -y + 3 + 2 = 0. Suppose -o + y = s - 5, -20 = -5*s. Calculate the greatest common factor of o and 2.
2
Let k(r) = -r**2 + 7*r + 1. Let n be k(7). Let y be (7 - 2) + 0/n. Suppose -i + 4 = 3. What is the greatest common divisor of y and i?
1
Suppose 0 = -3*p + b - 15 - 0, -4*p = 5*b + 20. Let z = p - -24. What is the greatest common divisor of z and 38?
19
Let v be (-238)/(-6) - (-6)/18. Suppose 2*r - 28 = 4*k, -3*r + v = 2*k - 7*k. What is the highest common divisor of 25 and r?
5
Let h = 506 + -290. Suppose 4*p + p = 3*i - 47, -4*p + 20 = 0. Calculate the highest common divisor of i and h.
24
Let g(j) = -j**2 - 3*j. Let r be g(-5). Let q be 4/(-10) - 154/r. Let p(s) = 10*s + 5. Let d be p(7). What is the highest common factor of q and d?
15
Suppose -4*o - 4*o + 144 = 0. What is the greatest common factor of 81 and o?
9
Let h be (-4)/(-1 - 0)*11. Let m(a) = 3*a + 10. Let z be m(-12). Let y = z + h. What is the highest common factor of y and 2?
2
Suppose 0 = -4*z + z + 90. Let d = 33 - z. Calculate the highest common factor of d and 9.
3
Suppose 0*k - k = -6. Calculate the highest common divisor of 54 and k.
6
Let l = -14 + 74. What is the highest common factor of 20 and l?
20
Let x(d) = 36*d - 1. Let q be x(4). What is the highest common divisor of q and 13?
13
Let j be ((-171)/(-38))/((-6)/(-56)). What is the greatest common factor of 14 and j?
14
Suppose -10*s + 54 = -6. Let f = -2 + 5. Calculate the greatest common factor of s and f.
3
Suppose 2*f + 2*o - 24 = 0, 0*o + 14 = f + 2*o. Let q be (108/10 - 0)*f. What is the highest common factor of q and 12?
12
Suppose 0 = 4*r + 5*s - 469, -4*s - s = 15. What is the highest common factor of r and 11?
11
Let x(r) = -2*r**3 - 20*r**2 - 2*r + 1. Let l be x(-10). Calculate the highest common divisor of 42 and l.
21
Suppose -g = -i - 2, 2*i = -i - 2*g + 9. Suppose -3*a - 14 = -2*o, 2*a - a + 6 = 2*o. Calculate the greatest common factor of i and o.
1
Let s = 88 + -46. Suppose -6*o = -0*o - s. Suppose u + 22 = 3*u + 4*l, 0 = -3*u + 5*l - 22. Calculate the highest common factor of o and u.
1
Let j(v) = 22*v**2 - v - 1. Let w be j(-1). What is the highest common divisor of w and 33?
11
Suppose 2*b + 2 - 6 = 0. Suppose -5*d = -m - 75, 4*d - b*m + 4 = 5*d. Let h = d + -1. Calculate the highest common divisor of h and 143.
13
Let y be ((-48)/9)/((-3)/9). What is the highest common divisor of 112 and y?
16
